of 11?
True
Is 1100 a multiple of 20?
True
Does 53 divide 9222?
True
Is 144 a factor of 88416?
True
Does 40 divide 3160?
True
Is 46 a factor of 21022?
True
Is 9345 a multiple of 18?
False
Does 142 divide 803?
False
Is 24 a factor of 13197?
False
Is 59 a factor of 11151?
True
Does 11 divide 12809?
False
Does 14 divide 391?
False
Is 6 a factor of 331?
False
Does 9 divide 67?
False
Is 3496 a multiple of 125?
False
Does 78 divide 1248?
True
Is 2520 a multiple of 84?
True
Is 15704 a multiple of 13?
True
Is 18370 a multiple of 86?
False
Is 13 a factor of 3172?
True
Is 964 a multiple of 60?
False
Is 3789 a multiple of 9?
True
Is 51259 a multiple of 25?
False
Is 8172 a multiple of 44?
False
Does 51 divide 1071?
True
Is 18 a factor of 981?
False
Does 3 divide 70?
False
Does 6 divide 906?
True
Is 22188 a multiple of 191?
False
Is 5175 a multiple of 127?
False
Is 1711 a multiple of 59?
True
Is 91 a factor of 11135?
False
Does 29 divide 2027?
False
Does 38 divide 14820?
True
Is 48184 a multiple of 19?
True
Is 285 a factor of 41325?
True
Is 1343 a multiple of 50?
False
Does 34 divide 17196?
False
Is 147 a factor of 37960?
False
Is 202 a multiple of 101?
True
Is 10 a factor of 772?
False
Does 17 divide 408?
True
Is 15 a factor of 67345?
False
Does 85 divide 12580?
True
Does 36 divide 4104?
True
Does 22 divide 669?
False
Is 1803 a multiple of 7?
False
Is 11648 a multiple of 64?
True
Does 177 divide 14876?
False
Does 42 divide 8106?
True
Does 56 divide 44711?
False
Is 27518 a multiple of 20?
False
Does 6 divide 411?
False
Does 7 divide 4543?
True
Does 12 divide 18828?
True
Does 11 divide 4540?
False
Is 24 a factor of 131?
False
Is 8 a factor of 248?
True
Is 2553 a multiple of 37?
True
Is 127 a factor of 1778?
True
Is 125 a multiple of 13?
False
Is 101 a factor of 31209?
True
Is 1720 a multiple of 86?
True
Is 23 a factor of 6762?
True
Is 672 a multiple of 42?
True
Does 80 divide 3600?
True
Is 8 a factor of 632?
True
Is 720 a multiple of 80?
True
Is 9 a factor of 3273?
False
Is 2 a factor of 625?
False
Is 39 a factor of 99227?
False
Is 401 a multiple of 5?
False
Is 69 a multiple of 10?
False
Does 13 divide 17003?
False
Does 46 divide 3772?
True
Is 40 a factor of 1400?
True
Does 123 divide 2037?
False
Is 128 a factor of 26368?
True
Is 826 a multiple of 22?
False
Is 17 a factor of 3576?
False
Is 17278 a multiple of 106?
True
Is 14 a factor of 37?
False
Is 7 a factor of 146?
False
Does 48 divide 22129?
False
Is 6168 a multiple of 12?
True
Is 87 a factor of 17574?
True
Is 8258 a multiple of 3?
False
Does 31 divide 4414?
False
Does 7 divide 343?
True
Does 27 divide 432?
True
Does 3 divide 771?
True
Is 491 a multiple of 17?
False
Does 17 divide 289?
True
Is 157 a factor of 11907?
False
Does 177 divide 12390?
True
Is 10114 a multiple of 15?
False
Is 10770 a multiple of 10?
True
Is 8 a factor of 6536?
True
Is 13 a factor of 1001?
True
Does 6 divide 1840?
False
Does 177 divide 25144?
False
Is 28221 a multiple of 53?
False
Does 5 divide 4334?
False
Is 115 a factor of 1401?
False
Is 38 a factor of 17480?
True
Is 19747 a multiple of 31?
True
Is 25 a factor of 775?
True
Is 59 a factor of 1490?
False
Does 11 divide 1656?
False
Does 113 divide 3390?
True
Is 2873 a multiple of 6?
False
Is 56 a factor of 2666?
False
Is 3 a factor of 1230?
True
Does 11 divide 26037?
True
Does 13 divide 195733?
False
Is 630 even?
True
Is 1130 a multiple of 72?
False
Does 133 divide 88257?
False
Is 112 a factor of 5916?
False
Is 53 a factor of 26341?
True
Is 6765 a multiple of 11?
True
Is 6934 a multiple of 14?
False
Is 200 a factor of 23000?
True
Is 21120 a multiple of 240?
True
Does 69 divide 414?
True
Is 1300 a multiple of 65?
True
Does 15 divide 44813?
False
Is 8088 a multiple of 24?
True
Does 47 divide 16732?
True
Does 22 divide 102?
False
Is 10 a factor of 16346?
False
Is 1295 a multiple of 17?
False
Is 23 a factor of 1263?
False
Is 7 a factor of 567?
True
Does 23 divide 546?
False
Does 2 divide 1334?
True
Does 5 divide 190?
True
Does 50 divide 1700?
True
Is 1225 a multiple of 25?
True
Is 96 even?
True
Is 1860 a multiple of 13?
False
Is 15 a factor of 1391?
False
Is 430 a multiple of 43?
True
Is 22 a factor of 2727?
False
Is 451 a multiple of 28?
False
Is 104 a factor of 47139?
False
Is 9720 a multiple of 9?
True
Does 166 divide 99358?
False
Is 18109 a multiple of 13?
True
Is 26 a factor of 18985?
False
Is 190 a factor of 15580?
True
Is 18144 a multiple of 126?
True
Does 5 divide 4620?
True
Is 670 a multiple of 17?
False
Is 65701 a multiple of 136?
False
Does 14 divide 252?
True
Does 34 divide 136?
True
Is 53 a factor of 7903?
False
Is 22165 a multiple of 31?
True
Is 549 a multiple of 9?
True
Does 59 divide 21965?
False
Is 470 a multiple of 2?
True
Is 1148 a multiple of 7?
True
Is 66 a factor of 799?
False
Is 12 a factor of 120?
True
Does 3 divide 549?
True
Is 2458 even?
True
Does 55 divide 1925?
True
Is 360 a multiple of 15?
True
Is 8890 a multiple of 58?
False
Is 751 a multiple of 6?
False
Is 20 a factor of 8667?
False
Is 10059 a multiple of 21?
True
Is 27 a factor of 14958?
True
Does 26 divide 3958?
False
Is 12409 a multiple of 8?
False
Is 178 a factor of 4272?
True
Does 163 divide 14015?
False
Is 4848 a multiple of 6?
True
Is 2264 a multiple of 23?
False
Does 32 divide 19264?
True
Is 2772 a multiple of 7?
True
Is 15 a factor of 10755?
True
Is 13 a factor of 866?
False
Is 16733 a multiple of 29?
True
Is 7 a factor of 13566?
True
Is 1248 a multiple of 3?
True
Is 7 a factor of 794?
False
Does 65 divide 5330?
True
Does 12 divide 1584?
True
Does 6 divide 94?
False
Is 27 a factor of 4862?
False
Does 7 divide 560?
True
Is 32980 a multiple of 7?
False
Is 24 a factor of 1712?
False
Is 52351 a multiple of 95?
False
Is 20 a factor of 320?
True
Is 43 a factor of 8159?
False
Is 1750 a multiple of 50?
True
Is 34 a factor of 580?
False
Does 5 divide 5757?
False
Is 3 a factor of 48?
True
Is 816 a multiple of 34?
True
Is 46022 a multiple of 9?
False
Is 9 a factor of 2348?
False
Does 17 divide 1139?
True
Does 21 divide 22260?
True
Is 61 a factor of 976?
True
Is 2570 a multiple of 63?
False
Is 12 a factor of 512?
False
Is 22685 a multiple of 13?
True
Is 25990 a multiple of 113?
True
Is 55 a factor of 11965?
False
Does 51 divide 306?
True
Is 4080 a multiple of 12?
True
Does 25 divide 591?
False
Is 11 a factor of 306?
False
Is 22526 a multiple of 17?
False
Does 53 divide 795?
True
Is 15 a factor of 1695?
True
Does 18 divide 4896?
True
Is 2013 a multiple of 11?
True
Does 80 divide 27220?
False
Is 451 a multiple of 15?
False
Is 4 a factor of 981?
False
Is 11 a factor of 3652?
True
Is 1628 a multiple of 6?
False
Is 16089 a multiple of 6?
False
Does 24 divide 291?
False
Is 46256 a multiple of 59?
True
Is 56 a factor of 1164?
False
Is 1579 a multiple of 289?
False
Does 9 divide 2205?
True
Is 3 a factor of 516?
True
Does 295 divide 131558?
False
Does 24 divide 2160?
True
Does 23 divide 2746?
False
Is 380 a multiple of 76?
True
Is 12 a factor of 23491?
False
Is 6 a factor of 384?
True
Does 18 divide 90?
True
Does 33 divide 330?
True
Is 1116 a multiple of 40?
False
Does 19 divide 4218?
True
Does 25 divide 3850?
True
Does 18 divide 108?
True
Does 3 divide 16388?
False
Is 117 a factor of 44485?
False
Is 2 a factor of 1279?
False
Does 54 divide 2592?
True
Does 17 divide 450?
False
Is 24 a factor of 35511?
False
Is 6579 a multiple of 17?
True
Is 30 a factor of 376?
False
Is 33 a factor of 4075?
False
Is 1530 a multiple of 170?
True
Does 9 divide 12473?
False
Does 88 divide 60896?
True
Does 6 divide 7422?
True
Is 13 a factor of 806?
True
Is 84 a factor of 1877?
False
Does 34 divide 34000?
True
Does 53 divide 73352?
True
Is 4449 a multiple of 28?
False
Is 80 a factor of 2960?
True
Is 5292 a multiple of 54?
True
Is 37498 a multiple of 33?
False
Does 13 divide 689?
True
Does 7 divide 25070?
False
Is 45399 a multiple of 111?
True
Is 13629 a multiple of 33?
True
Is 42 a factor of 504?
True
Does 27 divide 292?
False
Does 4 divide 4260?
True
Is 3 a factor of 28275?
True
Does 59 divide 785?
False
Does 24 divide 34704?
True
Does 62 divide 346?
False
Is 44 a factor of 2552?
True
Does 13 divide 1168?
False
Is 336 a multiple of 14?
True
Does 23 divide 45564?
False
Is 8 a factor of 1237?
False
Does 27 divide 28622?
False
Is 1102